at are the prime factors of 109587?
3, 36529
List the prime factors of 96832.
2, 17, 89
What are the prime factors of 2245785?
3, 5, 17, 8807
What are the prime factors of 306356?
2, 19, 29, 139
List the prime factors of 230084.
2, 97, 593
List the prime factors of 224586.
2, 3, 4159
List the prime factors of 8642289.
3, 2880763
What are the prime factors of 5094506?
2, 2547253
List the prime factors of 91636.
2, 31, 739
What are the prime factors of 4929451?
4929451
List the prime factors of 909132.
2, 3, 7, 79, 137
What are the prime factors of 804516?
2, 3, 67043
List the prime factors of 74598.
2, 3, 12433
What are the prime factors of 7989189?
3, 13, 127, 1613
What are the prime factors of 506362?
2, 17, 53, 281
What are the prime factors of 485671?
485671
List the prime factors of 188677.
188677
What are the prime factors of 1003481?
613, 1637
List the prime factors of 642439.
7, 1873
List the prime factors of 97390.
2, 5, 9739
List the prime factors of 219610.
2, 5, 21961
List the prime factors of 9926637.
3, 7, 472697
List the prime factors of 320166.
2, 3, 7, 11
What are the prime factors of 12735355?
5, 47, 54193
List the prime factors of 287876.
2, 79, 911
List the prime factors of 1169109.
3, 129901
List the prime factors of 6848110.
2, 5, 17, 40283
List the prime factors of 561993.
3, 37, 61, 83
List the prime factors of 2725.
5, 109
What are the prime factors of 7204564?
2, 43, 41887
List the prime factors of 235094.
2, 41, 47, 61
What are the prime factors of 1144058?
2, 43, 53, 251
What are the prime factors of 33503583?
3, 17, 353, 1861
List the prime factors of 2557062.
2, 3, 47353
What are the prime factors of 1188500?
2, 5, 2377
What are the prime factors of 635041?
11, 57731
List the prime factors of 3046606.
2, 137, 11119
List the prime factors of 2782437.
3, 7, 37, 3581
List the prime factors of 286792.
2, 11, 3259
List the prime factors of 28693185.
3, 5, 1912879
What are the prime factors of 8275177?
8275177
List the prime factors of 2180740.
2, 5, 109037
List the prime factors of 2476273.
2476273
What are the prime factors of 1989650?
2, 5, 13, 3061
List the prime factors of 5735766.
2, 3, 17, 53, 1061
What are the prime factors of 1056453?
3, 157, 2243
List the prime factors of 1587740.
2, 5, 7, 11, 1031
What are the prime factors of 888961?
888961
What are the prime factors of 1636502?
2, 7, 16699
What are the prime factors of 8744023?
8744023
What are the prime factors of 727156?
2, 181789
List the prime factors of 129637.
19, 6823
List the prime factors of 404552.
2, 61, 829
What are the prime factors of 7764320?
2, 5, 48527
List the prime factors of 4285787.
11, 139, 2803
What are the prime factors of 218141?
7, 11, 2833
List the prime factors of 63492.
2, 3, 11, 13, 37
What are the prime factors of 1824803?
37, 149, 331
What are the prime factors of 324007?
19, 17053
What are the prime factors of 475769?
7, 67967
What are the prime factors of 213211?
101, 2111
What are the prime factors of 879195?
3, 5, 58613
What are the prime factors of 222365?
5, 11, 13, 311
List the prime factors of 4318014.
2, 3, 283, 2543
List the prime factors of 661178.
2, 7, 83, 569
List the prime factors of 1375109.
1375109
What are the prime factors of 2582747?
79, 32693
What are the prime factors of 229013?
29, 53, 149
What are the prime factors of 65657?
65657
List the prime factors of 2645895.
3, 5, 7, 113, 223
List the prime factors of 12313.
7, 1759
What are the prime factors of 929822?
2, 19, 24469
List the prime factors of 1078373.
1078373
List the prime factors of 762951.
3, 7, 47, 773
What are the prime factors of 61120?
2, 5, 191
List the prime factors of 27819559.
27819559
List the prime factors of 16817.
67, 251
List the prime factors of 355225.
5, 13, 1093
What are the prime factors of 1608331?
19, 84649
List the prime factors of 713070.
2, 3, 5, 19, 139
What are the prime factors of 116197?
131, 887
What are the prime factors of 14097577?
13, 1084429
List the prime factors of 3216122.
2, 7, 13, 41, 431
List the prime factors of 275185.
5, 47, 1171
List the prime factors of 19573392.
2, 3, 17, 83
List the prime factors of 131440.
2, 5, 31, 53
What are the prime factors of 2598623?
569, 4567
List the prime factors of 171140.
2, 5, 43, 199
What are the prime factors of 8440967?
1231, 6857
What are the prime factors of 3537611?
7, 11, 45943
What are the prime factors of 447478?
2, 37, 6047
List the prime factors of 25174.
2, 41, 307
List the prime factors of 697239.
3, 77471
List the prime factors of 10619929.
223, 47623
List the prime factors of 319656.
2, 3, 19, 701
What are the prime factors of 82678?
2, 67, 617
What are the prime factors of 1590984?
2, 3, 19, 1163
List the prime factors of 1698027.
3, 43, 13163
List the prime factors of 335470.
2, 5, 33547
List the prime factors of 2481186.
2, 3, 43, 59, 163
What are the prime factors of 1408696?
2, 176087
List the prime factors of 1317365.
5, 7, 19, 283
What are the prime factors of 11831659?
7, 347, 4871
What are the prime factors of 4278629?
19, 43, 5237
What are the prime factors of 1715650?
2, 5, 34313
List the prime factors of 407576.
2, 13, 3919
What are the prime factors of 160066?
2, 163, 491
What are the prime factors of 1517071?
257, 5903
List the prime factors of 729066.
2, 3, 13, 719
List the prime factors of 836355.
3, 5, 13, 4289
What are the prime factors of 266650?
2, 5, 5333
List the prime factors of 519495.
3, 5, 59, 587
What are the prime factors of 59648?
2, 233
List the prime factors of 593408.
2, 19, 61
What are the prime factors of 858216?
2, 3, 35759
What are the prime factors of 19623930?
2, 3, 5, 31, 21101
What are the prime factors of 1362177?
3, 67, 251
List the prime factors of 178291.
131, 1361
What are the prime factors of 2047114?
2, 1023557
List the prime factors of 400171.
29, 13799
What are the prime factors of 13788?
2, 3, 383
List the prime factors of 48695.
5, 9739
List the prime factors of 543972.
2, 3, 11, 13, 317
What are the prime factors of 215612?
2, 19, 2837
What are the prime factors of 1260508?
2, 315127
What are the prime factors of 2144527?
7, 11, 27851
List the prime factors of 3470970.
2, 3, 5, 37, 53, 59
What are the prime factors of 466614?
2, 3, 8641
List the prime factors of 447231.
3, 149077
List the prime factors of 1958388.
2, 3, 163199
List the prime factors of 365202.
2, 3, 6763
List the prime factors of 443343.
3, 17, 8693
List the prime factors of 281750.
2, 5, 7, 23
What are the prime factors of 7384554?
2, 3, 136751
What are the prime factors of 623382?
2, 3, 107, 971
List the prime factors of 296960.
2, 5, 29
List the prime factors of 2010646.
2, 11, 91393
List the prime factors of 14600479.
223, 233, 281
List the prime factors of 5848870.
2, 5, 487, 1201
What are the prime factors of 225765?
3, 5, 29, 173
What are the prime factors of 3152730?
2, 3, 5, 7, 15013
What are the prime factors of 39431?
7, 43, 131
What are the prime factors of 261096?
2, 3, 11, 23, 43
What are the prime factors of 662021?
662021
List the prime factors of 17253814.
2, 193, 44699
What are the prime factors of 596383?
47, 12689
What are the prime factors of 252049?
7, 36007
List the prime factors of 12829595.
5, 577, 4447
What are the prime factors of 11765453?
7, 1680779
List the prime factors of 1048711.
47, 53, 421
List the prime factors of 1182047.
19, 62213
What are the prime factors of 9053369?
13, 696413
What are the prime factors of 3659361?
3, 1219787
List the prime factors of 254139.
3, 84713
List the prime factors of 10816.
2, 13
What are the prime factors of 1025125?
5, 59, 139
List the prime factors of 574833.
3, 7, 31, 883
List the prime factors of 217429.
217429
List the prime factors of 186663.
3, 43, 1447
What are the prime factors of 10835940?
2, 3, 5, 59, 3061
What are the prime factors of 8199663?
3, 29, 307
What are the prime factors of 1542386?
2, 653, 1181
List the prime factors of 371385.
3, 5, 7, 131
List the prime factors of 5198140.
2, 5, 259907
What are the prime factors of 28438842?
2, 3, 31, 152897
What are the prime factors of 165519?
3, 53, 347
What are the prime factors of 154521?
3, 59, 97
List the prime factors of 220886.
2, 179, 617
What are the prime factors of 712?
2, 89
List the prime fa